 base 8.
1015
12c6 (base 15) to base 6
30323
What is 6c (base 13) in base 9?
110
-46626 (base 7) to base 14
-4516
Convert 503 (base 10) to base 6.
2155
-21010 (base 4) to base 15
-28a
What is -3203013 (base 4) in base 15?
-4490
Convert 86 (base 13) to base 2.
1101110
What is -10132 (base 6) in base 16?
-548
Convert 1712 (base 12) to base 14.
1006
Convert 3310 (base 5) to base 7.
1220
What is -f86 (base 16) in base 9?
-5405
Convert 235230 (base 6) to base 10.
20610
433432 (base 5) to base 10
14867
Convert -22101 (base 3) to base 10.
-226
What is -13533 (base 7) in base 3?
-12002000
487 (base 16) to base 13
6b2
-21001111 (base 3) to base 12
-2b87
What is 111110100110 (base 2) in base 12?
239a
Convert 244321 (base 7) to base 3.
2021101111
What is -11660 (base 8) in base 9?
-6820
Convert -10000100010111 (base 2) to base 11.
-6401
-1102320 (base 4) to base 8
-12270
Convert -662 (base 8) to base 2.
-110110010
Convert 2215 (base 8) to base 2.
10010001101
Convert 1405 (base 14) to base 5.
103113
-100001 (base 3) to base 13
-15a
22211201 (base 3) to base 2
1100100101101
1593 (base 14) to base 9
5251
What is b8d (base 14) in base 8?
4351
What is 112223 (base 4) in base 2?
10110101011
Convert 102012 (base 3) to base 13.
1a3
What is 203035 (base 6) in base 4?
3331133
Convert -238 (base 11) to base 7.
-553
Convert 1148 (base 11) to base 13.
8b9
-110010110 (base 3) to base 15
-2946
What is -3325 (base 9) in base 15?
-ad8
What is -30202 (base 5) in base 4?
-132013
Convert -228 (base 13) to base 9.
-453
-3107 (base 11) to base 7
-15005
Convert -112110 (base 4) to base 16.
-594
Convert -41143 (base 5) to base 10.
-2673
What is -1664 (base 7) in base 2?
-1010101011
Convert -396 (base 10) to base 13.
-246
Convert -12044 (base 12) to base 9.
-36227
-40203 (base 7) to base 9
-14273
111010112 (base 3) to base 8
22544
Convert 103 (base 13) to base 4.
2230
-1b0f (base 16) to base 3
-100111120
101001111101 (base 2) to base 9
3613
Convert -461 (base 11) to base 13.
-335
Convert -916 (base 11) to base 4.
-101102
Convert -1309 (base 11) to base 9.
-2302
Convert -313545 (base 6) to base 13.
-b7a1
16387 (base 10) to base 3
211110221
-13614 (base 7) to base 6
-25143
Convert c79 (base 16) to base 2.
110001111001
Convert 1111100011 (base 2) to base 3.
1100212
Convert -1759 (base 13) to base 5.
-102304
-11541 (base 7) to base 16
-bca
3878 (base 10) to base 5
111003
What is 4ad (base 14) in base 3?
1021201
What is -730 (base 12) in base 16?
-414
Convert 39834 (base 11) to base 14.
16a4b
Convert 1455 (base 8) to base 13.
4a7
What is -612 (base 12) in base 3?
-1012112
Convert 113301 (base 4) to base 5.
22041
-30560 (base 9) to base 7
-112503
Convert -249 (base 10) to base 3.
-100020
Convert -843 (base 10) to base 5.
-11333
Convert 32122233 (base 4) to base 12.
2a213
What is 77b (base 12) in base 14?
58b
-112 (base 11) to base 9
-158
Convert 68a9 (base 12) to base 2.
10110110000001
2268 (base 12) to base 14
1572
Convert -21121022 (base 3) to base 11.
-418a
Convert -12007 (base 8) to base 5.
-131002
-10134 (base 5) to base 14
-35b
25256 (base 8) to base 9
15880
What is 10110 (base 2) in base 7?
31
3113 (base 6) to base 13
414
Convert 11c97 (base 14) to base 8.
125175
22112 (base 5) to base 9
2082
Convert 125288 (base 9) to base 13.
28808
What is 722 (base 8) in base 7?
1234
What is 1000011001000010 (base 2) in base 7?
202130
What is -923 (base 11) in base 13?
-679
4400 (base 5) to base 14
30c
What is 214 (base 16) in base 4?
20110
13032 (base 4) to base 15
20c
What is 33220 (base 5) in base 8?
4406
-2233233 (base 4) to base 12
-6613
31963 (base 11) to base 12
22a38
Convert 508 (base 16) to base 15.
5ad
120333 (base 5) to base 9
6114
-1301 (base 7) to base 12
-34b
Convert 406 (base 11) to base 15.
22a
What is -1774 (base 11) in base 2?
-100011010011
Convert -7862 (base 9) to base 4.
-1122233
What is -475a (base 16) in base 15?
-562b
What is 6c76 (base 14) in base 13?
87c5
Convert -640a (base 15) to base 16.
-52a8
What is -b831 (base 14) in base 2?
-111110000110011
What is -242056 (base 7) in base 3?
-2020021121
What is 107 (base 13) in base 16?
b0
738 (base 12) to base 16
41c
Convert 2442 (base 8) to base 3.
1210200
What is 221032 (base 6) in base 14?
69ac
What is -35817 (base 9) in base 11?
-17031
What is 1b0 (base 15) in base 12?
286
-131131 (base 4) to base 12
-1111
What is 1021101 (base 3) in base 15?
41d
4021 (base 6) to base 9
1174
Convert 2001 (base 5) to base 7.
506
-1a1 (base 14) to base 11
-287
110003122 (base 4) to base 15
1950d
What is 12102200 (base 3) in base 2?
111101111000
-110101000001011 (base 2) to base 3
-1101020110
What is -345 (base 8) in base 15?
-104
-720 (base 16) to base 10
-1824
Convert 13033 (base 4) to base 9.
564
What is -1263 (base 14) in base 16?
-c97
Convert 14053 (base 11) to base 15.
5ded
Convert -1001100011101 (base 2) to base 12.
-29b9
Convert -30201 (base 5) to base 12.
-1146
b9a7 (base 12) to base 8
47717
Convert -1127 (base 9) to base 6.
-3511
What is -b54 (base 15) in base 10?
-2554
-110111001001000 (base 2) to base 4
-12321020
Convert 4631 (base 8) to base 5.
34312
What is 647 (base 10) in base 3?
212222
What is -19773 (base 10) in base 8?
-46475
What is 31257 (base 8) in base 11?
9826
Convert 2315 (base 9) to base 5.
23330
231 (base 12) to base 5
2300
-1244 (base 9) to base 16
-3a3
What is -6327 (base 14) in base 4?
-10022333
Convert 1009 (base 10) to base 7.
2641
Convert 14656 (base 8) to base 10.
6574
What is 1a30d (base 14) in base 12?
32561
What is 8111 (base 9) in base 3?
22010101
d4c (base 16) to base 15
101e
What is -311013 (base 4) in base 16?
-d47
What is 654 (base 9) in base 13?
322
Convert a5b7 (base 14) to base 7.
146220
Convert -103 (base 13) to base 5.
-1142
What is -100104 (base 5) in base 13?
-1588
What is -671 (base 9) in base 4?
-20212
What is -1112 (base 6) in base 8?
-404
1240 (base 5) to base 13
120
Convert -18e (base 16) to base 8.
-616
57074 (base 9) to base 14
dba7
-10101100001010 (base 2) to base 13
-5027
Convert -7cb6 (base 13) to base 8.
-42224
10349 (base 10) to base 3
112012022
1066 (base 7) to base 14
1dd
34024 (base 5) to base 15
a94
11154 (base 6) to base 7
4420
-5545 (base 6) to base 16
-509
110000111001 (base 2) to base 6
22253
1505 (base 8) to base 7
2304
What is 45da (base 14) in base 4?
2331310
Convert -6855 (base 12) to base 5.
-332320
Convert 1021002 (base 5) to base 6.
210414
Convert -13858 (base 13) to base 10.
-36577
Convert 20232 (base 5) to base 13.
7a4
What is 605 (base 11) in base 14?
3a3
Convert 310441 (base 5) to base 11.
7671
-2272 (base 9) to base 3
-2022102
Convert 47b4 (base 13) to base 11.
7669
-128 (base 15) to base 8
-407
Convert 21134 (base 5) to base 6.
10323
-2926 (base 10) to base 3
-11000101
-3430 (base 5) to base 3
-200011
What is -a97 (base 12) in base 16?
-613
Convert 21a (base 12) to base 16.
136
Convert -2dee (base 15) to base 14.
-3871
What is 415 (base 6) in base 10?
155
-2287 (base 11) to base 10
-2999
111 (base 8) to base 12
61
Convert 100001110 (base 2) to base 12.
1a6
Convert -1c11 (base 13) to base 14.
-178b
Convert -1021212 (base 3) to base 7.
-2513
601 (base 10) to base 7
1516
Convert 101 (base 3) to base 11.
a
What is -21101 (base 4) in base 8?
-1121
What is 2100 (base 5) in base 6?
1135
What is -79c2 (base 16) in base 15?
-9380
What is -ac77 (base 13) in base 15?
-7216
20931 (base 11) to base 6
352433
What is -110110010110 (base 2) in base 10?
-3478
11000110000 (base 2) to base 14
812
Convert 126 (base 15) to base 11.
218
Convert 30330002 (base 4) to base 10.
52994
Convert -4666 (base 10) to base 8.
-11072
-56315 (base 7) to base 9
-21452
-3311303 (base 4) to base 13
-7211
Convert 1615 (base 8) to base 10.
909
-444 (base 6) to base 12
-124
-10000101000 (base 2) to base 12
-748
Convert 11000 (base 5) to base 10.
750
Convert 515b (base 12) to base 10.
8855
Convert -111011100 (base 2) to base 13.
-2a8
Convert 3321 (base 4) to base 16.
f9
What is -5a55 (base 12) in base 9?
-14822
15464 (base 7) to base 8
10406
Convert -1aa62 (base 11) to base 6.
-343153
What is 4327 (base 9) in base 10?
3184
What is 101101 (base 5) in base 6?
23100
What is 12122133 (base 4) in base 5?
1320041
Convert -6b1 (base 13) to base 9.
-1526
Convert -5600 (base 12) to base 9.
-14030
13020 (b